 = -1212*v - 26449. Calculate s(-22).
215
Let a(b) = -11*b**3 - 2417*b**2 + 659*b + 60. Calculate a(-220).
280
Let c(q) = -16*q**3 + 162*q**2 - 1767*q + 17484. Calculate c(10).
14
Let c(m) = 293*m + 4037. What is c(-12)?
521
Let n(t) = -3440*t**2 - 247*t - 247. Calculate n(-1).
-3440
Let b(f) = -f**2 + 198*f - 4767. Calculate b(28).
-7
Let p(k) = 47*k**2 + 2159*k + 141. Give p(-46).
279
Let h(u) = u**3 - 78*u + 141. Give h(8).
29
Let f(x) = 46*x + 3217. Give f(-81).
-509
Let h(y) = 45262*y - 12039683. What is h(266)?
9
Let o(m) = -855*m + 2561. Calculate o(3).
-4
Let y(p) = -812*p - 225641. Calculate y(-278).
95
Let x(d) = -252*d - 53871. Give x(-214).
57
Let x(z) = -5*z**2 + 1082*z + 649. Calculate x(217).
-2
Let s(o) = -435*o + 217081. Give s(499).
16
Let c(t) = -113003*t + 452016. Calculate c(4).
4
Let a(u) = 1633*u - 295525. What is a(181)?
48
Let p(l) = -23847*l + 47706. What is p(2)?
12
Let n(r) = 238913*r - 477828. Give n(2).
-2
Let n(l) = -2*l**2 + 2208*l - 580657. Calculate n(672).
-49
Let q(u) = -2550*u - 247355. Calculate q(-97).
-5
Let c(l) = -9*l**3 - 890*l**2 + 139*l + 3961. Give c(-99).
1
Let n(u) = -2*u**3 - 66*u**2 + 79*u + 203. What is n(-34)?
-171
Let r(i) = 1254*i + 7376. Give r(-6).
-148
Let c(t) = 1918*t + 233705. What is c(-122)?
-291
Let i(m) = 45193*m + 1581751. What is i(-35)?
-4
Let i(p) = 10253*p - 215315. What is i(21)?
-2
Let h(z) = z**2 + 100*z - 346. Calculate h(-10).
-1246
Let l(s) = 33*s**3 - 559*s**2 - 5592*s - 15. What is l(24)?
-15
Let k(v) = -89*v**2 - 717*v + 55. Give k(-8).
95
Let p(g) = 64013*g + 2944601. What is p(-46)?
3
Let x(t) = -4*t**2 - 1691*t - 159325. What is x(-281)?
2
Let a(z) = -710*z + 25675. Give a(37).
-595
Let p(t) = 93*t**2 + 2176*t + 921. Calculate p(-23).
70
Let m(a) = 12*a**2 + 2822*a - 32529. Give m(11).
-35
Let q(n) = 376*n + 19484. What is q(-49)?
1060
Let a(o) = -1936215*o - 23234586. Determine a(-12).
-6
Let f(w) = 73759*w - 1327644. What is f(18)?
18
Let d(a) = -a**3 - 74*a**2 + 3*a + 124. Calculate d(-74).
-98
Let i(r) = -r**2 + 207*r - 7181. Determine i(163).
-9
Let c(o) = 15622*o - 78204. Calculate c(5).
-94
Let v(i) = i**2 - 3358*i - 60762. Determine v(-18).
6
Let s(f) = -506*f - 35553. Determine s(-69).
-639
Let p(b) = 18*b**2 + 19*b + 419. Calculate p(0).
419
Let b(i) = i**3 + 19*i**2 - 64*i + 152. Determine b(-20).
1032
Let g(m) = 9*m**3 + 468*m**2 + 2*m + 123. Give g(-52).
19
Let j(t) = t**3 - 424*t**2 - 2491*t + 878044. What is j(425)?
-6
Let q(s) = -104592*s**2 - 1045926*s - 66. What is q(-10)?
-6
Let n(h) = -h**3 - 249*h**2 - 741*h - 184451. Determine n(-249).
58
Let b(r) = -9*r**2 - 207*r + 7219. Give b(19).
37
Let q(g) = -g**3 - 3*g**2 + 20*g - 12. What is q(-6)?
-24
Let q(b) = 2*b**2 + 93*b - 1643. Give q(-63).
436
Let d(p) = -p**3 - 5*p**2 + 90*p - 48. What is d(7)?
-6
Let u(y) = 12*y**3 + 14781*y**2 - 3662*y + 41892. What is u(-1232)?
4
Let f(k) = k**2 - 309*k + 23332. Calculate f(131).
14
Let i(x) = 84*x**2 - 22423*x - 1339. What is i(267)?
-4
Let d(z) = 20*z**2 + 432*z + 93. Calculate d(-20).
-547
Let d(p) = -166*p + 21892. Determine d(133).
-186
Let u(y) = 6*y**2 + 152*y - 2194. Determine u(16).
1774
Let n(m) = -m**3 - 579*m**2 - 1090*m + 36925. Give n(-577).
-3
Let v(m) = -2270*m - 4483. Determine v(-2).
57
Let w(d) = d**3 - 62*d**2 - 1851*d + 120. What is w(84)?
-132
Let k(u) = 616981*u - 9254720. Calculate k(15).
-5
Let o(g) = 3*g**3 + 102*g**2 + 121*g + 4055. Calculate o(-34).
-59
Let j(n) = n**3 - 4*n**2 - 1432*n - 10682. What is j(-8)?
6
Let i(d) = 2268*d**2 + 81650*d - 104. What is i(-36)?
-176
Let c(l) = -30*l**2 - 327*l - 1290. Determine c(-4).
-462
Let x(u) = -22*u**3 - 5105*u**2 - 228*u + 910. Determine x(-232).
-18
Let r(s) = -1018*s + 38376. What is r(38)?
-308
Let w(y) = 2*y**3 + 352*y**2 - 23*y - 3617. What is w(-176)?
431
Let q(b) = 11*b**3 - 346*b**2 + 144*b + 61. Calculate q(31).
-280
Let p(m) = -2*m**2 + 189730*m + 379466. Determine p(-2).
-2
Let k(t) = -97903*t + 685283. What is k(7)?
-38
Let j(a) = -59*a**2 + 53685*a + 107363. What is j(-2)?
-243
Let m(w) = w**2 - 435*w - 19742. Determine m(-41).
-226
Let m(n) = n**2 - 2237*n + 313048. Determine m(150).
-2
Let k(y) = -3*y**3 - 40*y**2 - 234*y + 19. Calculate k(-8).
867
Let o(d) = -2*d**3 + 581*d**2 - 37914*d - 288. Calculate o(99).
9
Let j(d) = -38*d**3 - 214*d**2 - 639*d + 5. Give j(-3).
1022
Let i(p) = p**2 + 5045*p + 1043097. Calculate i(-216).
33
Let w(m) = -3632*m + 7503. Give w(2).
239
Let l(j) = -j**3 - 137*j**2 + 342*j + 8913. Calculate l(-139).
17
Let f(z) = 11*z**2 + 856*z - 225. Give f(-78).
-69
Let h(n) = 272*n - 7301. Calculate h(25).
-501
Let p(u) = -18*u**2 + 1062*u + 6902. What is p(65)?
-118
Let z(l) = -14837*l - 133505. Calculate z(-9).
28
Let u(z) = 3*z**2 - 1029*z - 61621. Determine u(-52).
-1
Let l(q) = -1417*q + 51058. Give l(36).
46
Let l(t) = 3*t**3 + 20*t**2 + 1328*t + 7923. Determine l(-6).
27
Let l(g) = -5890*g - 35311. Give l(-6).
29
Let h(z) = -z**2 - 720*z - 58075. What is h(-91)?
-836
Let r(p) = p**3 + 7*p**2 - 187188*p - 1497443. What is r(-8)?
-3
Let o(u) = u**2 + 243*u - 17865. Calculate o(53).
-2177
Let w(j) = -59181*j - 92. Calculate w(0).
-92
Let g(m) = 3*m**3 - 43*m**2 + 86*m + 256. Determine g(11).
-8
Let v(j) = 38*j - 345. Give v(32).
871
Let r(u) = 26998*u + 107682. What is r(-4)?
-310
Let l(y) = 104*y**3 + 1354*y**2 + 70*y + 623. Give l(-13).
51
Let b(x) = 110*x**2 - 11679*x + 93. Give b(106).
-1921
Let v(i) = -923*i**2 + 6561*i + 15. Give v(7).
715
Let x(j) = -22*j**3 - 5*j**2 + 19*j - 14. Calculate x(1).
-22
Let o(n) = n**3 - 33*n**2 - 332*n - 12. Give o(-8).
20
Let r(c) = -c**3 - 341*c**2 - 332*c + 2645. What is r(-340)?
-75
Let p(k) = -813*k - 37930. What is p(-46)?
-532
Let m(t) = t**3 - 78*t**2 + 499*t + 819. Give m(71).
961
Let s(j) = 48312*j - 579815. Give s(12).
-71
Let j(v) = -350*v**2 + 1021*v + 82. Calculate j(3).
-5
Let j(d) = -28*d - 765. Give j(23).
-1409
Let c(t) = -t**3 + 45*t**2 - 27*t - 64. Give c(45).
-1279
Let g(w) = -123057*w - 984460. Determine g(-8).
-4
Let l(y) = y**3 + 372*y**2 - 1262*y - 740741. Determine l(-370).
-1
Let q(d) = 2*d**2 - 10573*d - 201603. What is q(-19)?
6
Let d(w) = -5078*w - 30043. Determine d(-6).
425
Let z(q) = 2*q**3 - 268*q**2 - 244*q - 3510. Calculate z(135).
0
Let t(q) = 96*q**2 - 13162*q + 1343. Give t(137).
-27
Let d(t) = t**3 + t**2 + 34*t - 17. Give d(5).
303
Let v(x) = -2*x**3 + 131*x**2 + 145*x - 35984. Give v(62).
-86
Let p(q) = 4558*q + 13672. Calculate p(-3).
-2
Let w(l) = 193*l + 4464. Determine w(-23).
25
Let s(l) = 306*l**2 - 22330*l - 617. Determine s(73).
-33
Let c(o) = -30*o**3 - 57*o**2 + 15*o + 6. Calculate c(-4).
954
Let x(v) = v**3 + 10*v**2 - 9*v - 172. Calculate x(-12).
-352
Let p(n) = -n**3 + 15*n**2 + 535*n + 1239. Calculate p(-15).
-36
Let d(b) = 5*b**2 - 255*b - 3831. Calculate d(-14).
719
Let r(j) = 578*j - 56892. Give r(98).
-248
Let j(o) = 6268*o - 12540. Give j(2).
-4
Let d(o) = 150*o**3 + 571*o**2 - 6*o + 24. What is d(-4)?
-416
Let x(f) = -12495*f + 87471. What is x(7)?
6
Let h(f) = -f**2 + 26754*f + 133706. Calculate h(-5).
-89
Let m(y) = 12*y**2 + 3387*y - 2272. Calculate m(-283).
275
Let z(q) = 222688*q - 12470520. Calculate z(56).
8
Let j(c) = c**3 + 110*c**2 + 155*c - 6783. What is j(-108)?
-195
Let m(b) = -1373*b + 648173. What is m(472)?
117
Let p(v) = 21*v**2 - 1269*v + 169. Calculate p(60).
-371
Let o(b) = -b**3 + 9*b**2 + 529*b + 2915. Determine o(-7).
-4
Let q(k) = 84*k - 2248. What is q(25)?
-148
Let g(w) = 4928*w + 68985. What is g(-14)?
-7
Let n(a) = 2*a**2 + 473*a + 19234. Determine n(-47).
1421
Let b(f) = 4*f**3 + 33*f**2 + 2*f - 38. Determine b(-9).
-299
Let i(w) = -381*w - 2693. Determine i(-8).
355
Let v(g) = 3*g**3 - 110*g**2 + 271*g - 7147. Give v(36).
17
Let p(c) = -c**2 - 247*c - 13995. Determine p(-159).
-3
Let y(l) = -4*l**3 - 91*l**2 + 27*l + 274. Give y(-23).
182
Let w(l) = 35*l**2 + 19*l - 86. Calculate w(7).
1762
Let m(s) = -41861*s - 4102376. What is m(-98)?
2
Let z(j) = 52144*j - 469291. Determine z(9).
5
Let b(i) = -i**2 + 83*i + 24. Determine b(-15).
-1446
Let u(z) = -23*z + 4828. Determine u(202).
182
Let u(d) = d**3 + 22*d**2 - 305*d - 2803. Give u(-9).
995
Let m(n) = 6*n**2 - 2331*n + 6948. Give m(3).
9
Let t(h) = -3*h**3 - 39